{"id":6284,"date":"2025-04-22T13:58:19","date_gmt":"2025-04-22T16:58:19","guid":{"rendered":"https:\/\/multipedras.com.br\/?post_type=product&#038;p=6284"},"modified":"2025-07-16T09:59:40","modified_gmt":"2025-07-16T12:59:40","slug":"techrip-w149-cinza","status":"publish","type":"product","link":"https:\/\/multipedras.com.br\/?product=techrip-w149-cinza","title":{"rendered":"Techrip W149 &#8211; Cinza"},"content":{"rendered":"<p><span class=\"TextRun SCXW214898310 BCX0\" lang=\"PT-BR\" xml:lang=\"PT-BR\" data-contrast=\"auto\"><span class=\"NormalTextRun SCXW214898310 BCX0\">Quando pensamos em eleg\u00e2ncia, pensamos no W149, um material que<\/span><span class=\"NormalTextRun SCXW214898310 BCX0\"> foi pensado exclusivamente <\/span><span class=\"NormalTextRun SCXW214898310 BCX0\">para ambientes internos<\/span><span class=\"NormalTextRun SCXW214898310 BCX0\">, ele utiliza da tecnologia em uma <\/span><span class=\"NormalTextRun SCXW214898310 BCX0\">combina\u00e7\u00e3o de bambu com pol\u00edmeros e aditivos, oferecendo um acabamento ainda mais dur\u00e1vel e resistente. Ideal para quem busca um revestimento sofisticado e de alta performance, <\/span><span class=\"NormalTextRun SCXW214898310 BCX0\">com <\/span><span class=\"NormalTextRun SCXW214898310 BCX0\">excelente custo-benef\u00edcio. Perfeito para salas, escrit\u00f3rios<\/span><span class=\"NormalTextRun SCXW214898310 BCX0\">, <\/span><span class=\"NormalTextRun SCXW214898310 BCX0\">quartos<\/span><span class=\"NormalTextRun SCXW214898310 BCX0\"> e lavabos<\/span><span class=\"NormalTextRun SCXW214898310 BCX0\">, o design inovador<\/span><span class=\"NormalTextRun SCXW214898310 BCX0\"> utiliza de um acabamento ripado tornando<\/span><span class=\"NormalTextRun SCXW214898310 BCX0\"> qualquer espa\u00e7o acolhedor e moderno<\/span><span class=\"NormalTextRun SCXW214898310 BCX0\">.<\/span><\/span><span class=\"EOP SCXW214898310 BCX0\" data-ccp-props=\"{&quot;335551550&quot;:6,&quot;335551620&quot;:6}\">\u00a0<\/span><\/p>\n<p><strong>Instala\u00e7\u00e3o:<\/strong><\/p>\n<p>Encaixe macho e f\u00eamea.<\/p>\n","protected":false},"excerpt":{"rendered":"<p><span class=\"TextRun SCXW214898310 BCX0\" lang=\"PT-BR\" xml:lang=\"PT-BR\" data-contrast=\"auto\"><span class=\"NormalTextRun SCXW214898310 BCX0\">Quando pensamos em eleg\u00e2ncia, pensamos no W149, um material que<\/span><span class=\"NormalTextRun SCXW214898310 BCX0\"> foi pensado exclusivamente <\/span><span class=\"NormalTextRun SCXW214898310 BCX0\">para ambientes internos.<\/span><\/span><\/p>\n","protected":false},"featured_media":6415,"template":"","meta":{"_joinchat":[]},"product_brand":[],"product_cat":[294,296],"product_tag":[],"class_list":{"0":"post-6284","1":"product","2":"type-product","3":"status-publish","4":"has-post-thumbnail","6":"product_cat-colecao-techrip","7":"product_cat-indoor-colecao-techrip","9":"first","10":"instock","11":"shipping-taxable","12":"purchasable","13":"product-type-simple"},"_links":{"self":[{"href":"https:\/\/multipedras.com.br\/index.php?rest_route=\/wp\/v2\/product\/6284","targetHints":{"allow":["GET"]}}],"collection":[{"href":"https:\/\/multipedras.com.br\/index.php?rest_route=\/wp\/v2\/product"}],"about":[{"href":"https:\/\/multipedras.com.br\/index.php?rest_route=\/wp\/v2\/types\/product"}],"version-history":[{"count":0,"href":"https:\/\/multipedras.com.br\/index.php?rest_route=\/wp\/v2\/product\/6284\/revisions"}],"wp:featuredmedia":[{"embeddable":true,"href":"https:\/\/multipedras.com.br\/index.php?rest_route=\/wp\/v2\/media\/6415"}],"wp:attachment":[{"href":"https:\/\/multipedras.com.br\/index.php?rest_route=%2Fwp%2Fv2%2Fmedia&parent=6284"}],"wp:term":[{"taxonomy":"product_brand","embeddable":true,"href":"https:\/\/multipedras.com.br\/index.php?rest_route=%2Fwp%2Fv2%2Fproduct_brand&post=6284"},{"taxonomy":"product_cat","embeddable":true,"href":"https:\/\/multipedras.com.br\/index.php?rest_route=%2Fwp%2Fv2%2Fproduct_cat&post=6284"},{"taxonomy":"product_tag","embeddable":true,"href":"https:\/\/multipedras.com.br\/index.php?rest_route=%2Fwp%2Fv2%2Fproduct_tag&post=6284"}],"curies":[{"name":"wp","href":"https:\/\/api.w.org\/{rel}","templated":true}]}}