{"id":301,"date":"2021-10-26T16:24:35","date_gmt":"2021-10-26T19:24:35","guid":{"rendered":"https:\/\/multipedras.com.br\/?post_type=product&#038;p=301"},"modified":"2025-11-29T12:03:28","modified_gmt":"2025-11-29T15:03:28","slug":"marmore-travertino-romano-100x100cm","status":"publish","type":"product","link":"https:\/\/multipedras.com.br\/?product=marmore-travertino-romano-100x100cm","title":{"rendered":"M\u00c1RMORE TRAVERTINO ROMANO BEGE 100X100CM"},"content":{"rendered":"<p><b><span data-contrast=\"auto\">Dimens\u00e3o:\u00a0<\/span><\/b><span data-contrast=\"auto\">100 x 100 cm<\/span><span data-ccp-props=\"{&quot;201341983&quot;:0,&quot;335551550&quot;:0,&quot;335551620&quot;:0,&quot;335559739&quot;:160,&quot;335559740&quot;:279}\">\u00a0<\/span><br \/>\n<b><span data-contrast=\"auto\">Cor: <\/span><\/b><span data-contrast=\"auto\">Bege<\/span><span data-ccp-props=\"{&quot;201341983&quot;:0,&quot;335551550&quot;:0,&quot;335551620&quot;:0,&quot;335559739&quot;:160,&quot;335559740&quot;:279}\">\u00a0<\/span><br \/>\n<b><span data-contrast=\"auto\">Espessura:\u00a0<\/span><\/b><span data-contrast=\"auto\">2 cm<\/span><span data-ccp-props=\"{&quot;201341983&quot;:0,&quot;335551550&quot;:0,&quot;335551620&quot;:0,&quot;335559739&quot;:160,&quot;335559740&quot;:279}\">\u00a0<\/span><br \/>\n<b><span data-contrast=\"auto\">Material: <\/span><\/b><span data-contrast=\"auto\">M\u00e1rmore travertino<\/span><span data-ccp-props=\"{&quot;201341983&quot;:0,&quot;335551550&quot;:0,&quot;335551620&quot;:0,&quot;335559739&quot;:160,&quot;335559740&quot;:279}\">\u00a0<\/span><br \/>\n<b><span data-contrast=\"auto\">\u00c1rea de aplica\u00e7\u00e3o: <\/span><\/b><span data-contrast=\"auto\">\u00c1reas externas, \u00e1reas internas, \u00e1reas secas, paredes, pisos.<\/span><span data-ccp-props=\"{&quot;201341983&quot;:0,&quot;335559739&quot;:160,&quot;335559740&quot;:279}\">\u00a0<\/span><\/p>\n","protected":false},"excerpt":{"rendered":"<p>Dimens\u00e3o:\u00a0100 x 100 cm\u00a0 Cor: Bege\u00a0 Espessura:\u00a02 cm\u00a0 Material: M\u00e1rmore travertino\u00a0 \u00c1rea de aplica\u00e7\u00e3o: \u00c1reas externas, \u00e1reas internas, \u00e1reas secas, paredes, pisos.\u00a0<\/p>\n","protected":false},"featured_media":5090,"template":"","meta":{"_joinchat":[]},"product_brand":[],"product_cat":[348,107,336,38],"product_tag":[105,102,93,90,91],"class_list":{"0":"post-301","1":"product","2":"type-product","3":"status-publish","4":"has-post-thumbnail","6":"product_cat-black-friday","7":"product_cat-festival-de-travertinos","8":"product_cat-mega-acao","9":"product_cat-travertinos","10":"product_tag-cc","11":"product_tag-importado","12":"product_tag-piscinas","13":"product_tag-pisos","14":"product_tag-pisos-e-paredes","16":"first","17":"instock","18":"shipping-taxable","19":"purchasable","20":"product-type-simple"},"_links":{"self":[{"href":"https:\/\/multipedras.com.br\/index.php?rest_route=\/wp\/v2\/product\/301","targetHints":{"allow":["GET"]}}],"collection":[{"href":"https:\/\/multipedras.com.br\/index.php?rest_route=\/wp\/v2\/product"}],"about":[{"href":"https:\/\/multipedras.com.br\/index.php?rest_route=\/wp\/v2\/types\/product"}],"version-history":[{"count":2,"href":"https:\/\/multipedras.com.br\/index.php?rest_route=\/wp\/v2\/product\/301\/revisions"}],"predecessor-version":[{"id":7532,"href":"https:\/\/multipedras.com.br\/index.php?rest_route=\/wp\/v2\/product\/301\/revisions\/7532"}],"wp:featuredmedia":[{"embeddable":true,"href":"https:\/\/multipedras.com.br\/index.php?rest_route=\/wp\/v2\/media\/5090"}],"wp:attachment":[{"href":"https:\/\/multipedras.com.br\/index.php?rest_route=%2Fwp%2Fv2%2Fmedia&parent=301"}],"wp:term":[{"taxonomy":"product_brand","embeddable":true,"href":"https:\/\/multipedras.com.br\/index.php?rest_route=%2Fwp%2Fv2%2Fproduct_brand&post=301"},{"taxonomy":"product_cat","embeddable":true,"href":"https:\/\/multipedras.com.br\/index.php?rest_route=%2Fwp%2Fv2%2Fproduct_cat&post=301"},{"taxonomy":"product_tag","embeddable":true,"href":"https:\/\/multipedras.com.br\/index.php?rest_route=%2Fwp%2Fv2%2Fproduct_tag&post=301"}],"curies":[{"name":"wp","href":"https:\/\/api.w.org\/{rel}","templated":true}]}}