{"id":152,"date":"2021-09-12T17:39:21","date_gmt":"2021-09-12T20:39:21","guid":{"rendered":"http:\/\/sitemultipedras.online\/?post_type=product&#038;p=152"},"modified":"2025-11-29T12:03:40","modified_gmt":"2025-11-29T15:03:40","slug":"pedra-hijau-premium","status":"publish","type":"product","link":"https:\/\/multipedras.com.br\/?product=pedra-hijau-premium","title":{"rendered":"PEDRA HIJAU LISA PREMIUM 10\u00d710 CM"},"content":{"rendered":"<p><strong>Dimens\u00e3o:\u00a0<\/strong>10 X 10 Cm<br \/>\n<strong>Cor:\u00a0<\/strong>Verde<br \/>\n<strong>Espessura:\u00a0<\/strong>1 Cm<br \/>\n<strong>Material:\u00a0<\/strong>Pedra Vulc\u00e2nica<\/p>\n<p><a href=\"https:\/\/multipedras.com.br\/wp-content\/uploads\/2021\/09\/Hijau-1-2.png\"><img fetchpriority=\"high\" decoding=\"async\" class=\"alignnone size-medium wp-image-4316\" src=\"https:\/\/multipedras.com.br\/wp-content\/uploads\/2021\/09\/Hijau-1-2-300x300.png\" alt=\"\" width=\"300\" height=\"300\" srcset=\"https:\/\/multipedras.com.br\/wp-content\/uploads\/2021\/09\/Hijau-1-2-300x300.png 300w, https:\/\/multipedras.com.br\/wp-content\/uploads\/2021\/09\/Hijau-1-2-1024x1024.png 1024w, https:\/\/multipedras.com.br\/wp-content\/uploads\/2021\/09\/Hijau-1-2-150x150.png 150w, https:\/\/multipedras.com.br\/wp-content\/uploads\/2021\/09\/Hijau-1-2-768x768.png 768w, https:\/\/multipedras.com.br\/wp-content\/uploads\/2021\/09\/Hijau-1-2-800x800.png 800w, https:\/\/multipedras.com.br\/wp-content\/uploads\/2021\/09\/Hijau-1-2-600x600.png 600w, https:\/\/multipedras.com.br\/wp-content\/uploads\/2021\/09\/Hijau-1-2-100x100.png 100w, https:\/\/multipedras.com.br\/wp-content\/uploads\/2021\/09\/Hijau-1-2-64x64.png 64w, https:\/\/multipedras.com.br\/wp-content\/uploads\/2021\/09\/Hijau-1-2.png 1080w\" sizes=\"(max-width: 300px) 100vw, 300px\" \/><\/a><\/p>\n","protected":false},"excerpt":{"rendered":"<h4><strong>R\u00fastica e Lisa<\/strong><\/h4>\n<p>Revestimento de Pedra Natural proveniente de extra\u00e7\u00e3o de lavas vulc\u00e2nicas na Cor Esverdeada.<\/p>\n","protected":false},"featured_media":4316,"template":"","meta":{"_joinchat":[]},"product_brand":[],"product_cat":[348,336,40],"product_tag":[105,102,93,91],"class_list":{"0":"post-152","1":"product","2":"type-product","3":"status-publish","4":"has-post-thumbnail","6":"product_cat-black-friday","7":"product_cat-mega-acao","8":"product_cat-pedras-para-piscina","9":"product_tag-cc","10":"product_tag-importado","11":"product_tag-piscinas","12":"product_tag-pisos-e-paredes","14":"first","15":"instock","16":"shipping-taxable","17":"purchasable","18":"product-type-simple"},"_links":{"self":[{"href":"https:\/\/multipedras.com.br\/index.php?rest_route=\/wp\/v2\/product\/152","targetHints":{"allow":["GET"]}}],"collection":[{"href":"https:\/\/multipedras.com.br\/index.php?rest_route=\/wp\/v2\/product"}],"about":[{"href":"https:\/\/multipedras.com.br\/index.php?rest_route=\/wp\/v2\/types\/product"}],"version-history":[{"count":4,"href":"https:\/\/multipedras.com.br\/index.php?rest_route=\/wp\/v2\/product\/152\/revisions"}],"predecessor-version":[{"id":7185,"href":"https:\/\/multipedras.com.br\/index.php?rest_route=\/wp\/v2\/product\/152\/revisions\/7185"}],"wp:featuredmedia":[{"embeddable":true,"href":"https:\/\/multipedras.com.br\/index.php?rest_route=\/wp\/v2\/media\/4316"}],"wp:attachment":[{"href":"https:\/\/multipedras.com.br\/index.php?rest_route=%2Fwp%2Fv2%2Fmedia&parent=152"}],"wp:term":[{"taxonomy":"product_brand","embeddable":true,"href":"https:\/\/multipedras.com.br\/index.php?rest_route=%2Fwp%2Fv2%2Fproduct_brand&post=152"},{"taxonomy":"product_cat","embeddable":true,"href":"https:\/\/multipedras.com.br\/index.php?rest_route=%2Fwp%2Fv2%2Fproduct_cat&post=152"},{"taxonomy":"product_tag","embeddable":true,"href":"https:\/\/multipedras.com.br\/index.php?rest_route=%2Fwp%2Fv2%2Fproduct_tag&post=152"}],"curies":[{"name":"wp","href":"https:\/\/api.w.org\/{rel}","templated":true}]}}